 factor of 72 and 466007352?
24
What is the greatest common divisor of 4760782 and 3026?
34
What is the greatest common factor of 54835 and 62975?
55
What is the highest common factor of 246 and 5554530?
6
What is the highest common factor of 1117499 and 72920?
1823
What is the greatest common divisor of 17623200 and 18144?
672
What is the greatest common factor of 16 and 1972064?
16
What is the greatest common factor of 608 and 167800096?
608
What is the highest common divisor of 51 and 115394470?
17
What is the highest common factor of 10676081 and 104?
13
What is the highest common divisor of 3120 and 272055810?
390
What is the highest common divisor of 2052 and 55819260?
108
What is the greatest common factor of 92 and 18732074?
46
What is the greatest common factor of 12268688 and 24?
8
What is the highest common divisor of 11176 and 2502368?
88
What is the greatest common factor of 1472844 and 578240?
556
What is the highest common divisor of 1139 and 124955?
67
Calculate the highest common factor of 4296384 and 111168.
576
Calculate the greatest common factor of 2874724 and 138.
46
Calculate the greatest common divisor of 16496 and 1544.
8
Calculate the greatest common factor of 2576558654 and 82.
82
Calculate the greatest common factor of 8624 and 366695714.
1078
Calculate the greatest common divisor of 1017577 and 14003.
11
What is the highest common divisor of 6763 and 5150579066?
6763
Calculate the greatest common divisor of 78 and 128946474.
6
What is the greatest common divisor of 288 and 165049992?
72
What is the greatest common factor of 27 and 48114717?
3
Calculate the greatest common divisor of 52870 and 3570.
170
What is the highest common divisor of 129 and 74729356?
43
Calculate the greatest common divisor of 54613 and 3354.
13
Calculate the greatest common factor of 1403 and 294209100.
1403
Calculate the highest common factor of 378 and 29917377.
189
Calculate the greatest common factor of 70 and 40089735.
35
What is the greatest common divisor of 395 and 18777273?
79
What is the greatest common divisor of 312330 and 20215290?
10770
What is the highest common factor of 1791876909 and 7239?
7239
Calculate the greatest common factor of 24308725 and 350.
175
Calculate the greatest common factor of 2117882 and 26.
26
Calculate the highest common divisor of 2503440 and 145540.
380
What is the greatest common factor of 24280752 and 12?
12
Calculate the greatest common factor of 116102769 and 5316.
1329
Calculate the greatest common factor of 18395860 and 609.
203
Calculate the greatest common factor of 3307536228 and 1662.
1662
What is the greatest common factor of 4913 and 2270764035?
4913
Calculate the highest common divisor of 10400 and 17797.
13
Calculate the highest common factor of 405760228 and 58580.
11716
Calculate the highest common divisor of 3126 and 3382853.
521
What is the greatest common divisor of 416 and 4583436?
52
What is the greatest common factor of 4835 and 450269045?
4835
What is the greatest common factor of 530 and 17552646?
106
Calculate the greatest common divisor of 17712 and 2162484.
108
Calculate the highest common divisor of 1239232 and 1224.
136
Calculate the highest common factor of 8 and 45839520.
8
What is the highest common divisor of 13359 and 331735141?
4453
What is the greatest common divisor of 191958 and 74151?
321
What is the greatest common factor of 187371 and 171423?
9
Calculate the highest common factor of 22 and 176885951.
11
Calculate the highest common divisor of 121814184 and 2451.
129
What is the highest common divisor of 1611285 and 119535?
195
What is the greatest common divisor of 183128 and 481888?
88
What is the highest common divisor of 523 and 17006391?
523
What is the highest common divisor of 69882022 and 56?
14
What is the greatest common factor of 2146837 and 13087?
569
Calculate the highest common divisor of 85670 and 43550.
130
What is the highest common divisor of 64 and 2889080?
8
What is the highest common divisor of 14 and 45379824?
14
Calculate the greatest common factor of 7470 and 2200330.
830
What is the highest common factor of 25066 and 32?
2
Calculate the highest common factor of 522664 and 1738.
158
Calculate the highest common factor of 5492 and 39594574.
2746
What is the greatest common factor of 636 and 14683120?
212
Calculate the highest common divisor of 113955 and 18297.
321
What is the highest common divisor of 19863586 and 2?
2
Calculate the greatest common divisor of 2100682688 and 832.
832
What is the highest common factor of 3415356 and 2934?
18
Calculate the greatest common factor of 1795 and 680327617.
359
What is the greatest common divisor of 880 and 114572920?
440
Calculate the highest common divisor of 8103 and 322806.
219
Calculate the highest common divisor of 1965 and 28177707.
393
What is the greatest common divisor of 135247 and 35?
7
Calculate the highest common divisor of 7 and 6786913.
7
Calculate the greatest common factor of 48867484 and 212.
212
What is the highest common factor of 169619 and 7313?
71
Calculate the highest common divisor of 18349768 and 2108.
124
Calculate the greatest common factor of 342519444 and 324.
36
Calculate the highest common divisor of 7208190 and 3645.
405
Calculate the greatest common divisor of 110911 and 916001.
563
Calculate the highest common divisor of 176881 and 256987.
79
Calculate the highest common factor of 54 and 18747198.
18
Calculate the greatest common factor of 6036344 and 212984.
2696
Calculate the highest common divisor of 203708897 and 14.
7
What is the highest common factor of 2758663 and 649?
59
Calculate the greatest common divisor of 29128 and 38687.
11
What is the highest common factor of 1282 and 208771136?
1282
What is the highest common divisor of 65227889 and 109?
109
Calculate the highest common divisor of 82992 and 20539792.
1456
Calculate the greatest common divisor of 196550 and 2450.
50
Calculate the greatest common factor of 1204211 and 123.
41
What is the greatest common divisor of 18370985 and 5?
5
Calculate the greatest common factor of 88655 and 114308.
17
What is the highest common divisor of 1975 and 47398815?
395
What is the greatest common factor of 44 and 658999?
11
Calculate the greatest common factor of 1280 and 8036180.
20
What is the highest common factor of 242481 and 2227?
131
What is the greatest common factor of 614690046 and 7259?
1037
What is the highest common factor of 5029536 and 4416?
96
What is the greatest common factor of 226 and 1326341794?
226
Calculate the greatest common divisor of 32396 and 17647721.
8099
Calculate the highest common divisor of 25 and 15279070.
5
Calculate the highest common factor of 12812709 and 7098.
273
Calculate the greatest common factor of 436 and 93826219.
109
Calculate the highest common divisor of 87 and 41365397.
29
What is the greatest common factor of 1056903501 and 3?
3
Calculate the greatest common factor of 90847538 and 14048.
878
What is the greatest common divisor of 1391930 and 2725?
545
What is the highest common divisor of 201 and 428929176?
201
What is the greatest common divisor of 1200 and 5592800?
400
Calculate the highest common factor of 106146585 and 45.
45
Calculate the greatest common factor of 1719492 and 12.
12
What is the greatest common divisor of 3503844 and 260?
4
What is the greatest common divisor of 870 and 439590?
30
Calculate the greatest common factor of 124032 and 40312984.
2584
What is the highest common divisor of 15 and 199873515?
15
Calculate the highest common divisor of 378594 and 34542.
342
Calculate the highest common divisor of 34204308 and 27699.
3957
Calculate the highest common factor of 1736964 and 152604.
972
What is the greatest common divisor of 1 and 957599?
1
What is the highest common divisor of 949546 and 3209128?
1534
What is the greatest common factor of 5125 and 43805?
5
What is the highest common factor of 1699318 and 7906?
118
What is the highest common factor of 23768 and 2056?
8
Calculate the highest common factor of 63249324 and 2051.
293
Calculate the highest common factor of 984251680 and 10.
10
What is the highest common divisor of 450112 and 8643016?
4328
Calculate the greatest common divisor of 2415 and 7113210.
345
Calculate the greatest